{"id":4901,"date":"2025-09-29T17:41:22","date_gmt":"2025-09-29T14:41:22","guid":{"rendered":"https:\/\/yunuset.com.tr\/?post_type=product&#038;p=4901"},"modified":"2025-09-29T17:41:22","modified_gmt":"2025-09-29T14:41:22","slug":"kuzu-kulbasti","status":"publish","type":"product","link":"https:\/\/yunuset.com.tr\/?product=kuzu-kulbasti","title":{"rendered":"Kuzu K\u00fclbast\u0131"},"content":{"rendered":"<p>Kuzu k\u00fclbast\u0131, kuzu etinin \u00f6zenle se\u00e7ilmi\u015f yumu\u015fak b\u00f6lgelerinden haz\u0131rlanan, h\u0131zl\u0131 pi\u015firilen ve lezzetiyle \u00f6ne \u00e7\u0131kan \u00f6zel bir kesimdir. Izgarada veya tavada pi\u015firildi\u011finde kendine has aromas\u0131 ve yumu\u015fak dokusuyla sofralara nefis bir tat katar. Protein a\u00e7\u0131s\u0131ndan zengin ve besleyici kuzu k\u00fclbast\u0131, hem g\u00fcnl\u00fck yemeklerde hem de \u00f6zel davet sofralar\u0131nda keyifle t\u00fcketilebilecek bir \u00fcr\u00fcnd\u00fcr.<\/p>\n","protected":false},"excerpt":{"rendered":"<p>Kuzu k\u00fclbast\u0131, kuzu etinin \u00f6zenle se\u00e7ilmi\u015f yumu\u015fak b\u00f6lgelerinden haz\u0131rlanan, h\u0131zl\u0131 pi\u015firilen ve lezzetiyle \u00f6ne \u00e7\u0131kan \u00f6zel bir kesimdir. Izgarada veya tavada pi\u015firildi\u011finde kendine has aromas\u0131 ve yumu\u015fak dokusuyla sofralara nefis bir tat katar. Protein a\u00e7\u0131s\u0131ndan zengin ve besleyici kuzu k\u00fclbast\u0131, hem g\u00fcnl\u00fck yemeklerde hem de \u00f6zel davet sofralar\u0131nda keyifle t\u00fcketilebilecek bir \u00fcr\u00fcnd\u00fcr.<\/p>\n","protected":false},"featured_media":4902,"comment_status":"open","ping_status":"closed","template":"","meta":[],"product_cat":[15,39],"product_tag":[],"class_list":{"0":"post-4901","1":"product","2":"type-product","3":"status-publish","4":"has-post-thumbnail","6":"product_cat-genel","7":"product_cat-kuzu-urunleri","9":"first","10":"instock","11":"shipping-taxable","12":"purchasable","13":"product-type-simple"},"_links":{"self":[{"href":"https:\/\/yunuset.com.tr\/index.php?rest_route=\/wp\/v2\/product\/4901","targetHints":{"allow":["GET"]}}],"collection":[{"href":"https:\/\/yunuset.com.tr\/index.php?rest_route=\/wp\/v2\/product"}],"about":[{"href":"https:\/\/yunuset.com.tr\/index.php?rest_route=\/wp\/v2\/types\/product"}],"replies":[{"embeddable":true,"href":"https:\/\/yunuset.com.tr\/index.php?rest_route=%2Fwp%2Fv2%2Fcomments&post=4901"}],"wp:featuredmedia":[{"embeddable":true,"href":"https:\/\/yunuset.com.tr\/index.php?rest_route=\/wp\/v2\/media\/4902"}],"wp:attachment":[{"href":"https:\/\/yunuset.com.tr\/index.php?rest_route=%2Fwp%2Fv2%2Fmedia&parent=4901"}],"wp:term":[{"taxonomy":"product_cat","embeddable":true,"href":"https:\/\/yunuset.com.tr\/index.php?rest_route=%2Fwp%2Fv2%2Fproduct_cat&post=4901"},{"taxonomy":"product_tag","embeddable":true,"href":"https:\/\/yunuset.com.tr\/index.php?rest_route=%2Fwp%2Fv2%2Fproduct_tag&post=4901"}],"curies":[{"name":"wp","href":"https:\/\/api.w.org\/{rel}","templated":true}]}}